 What is the remainder when 6/2*b/u is divided by 17?
15
Let x = 30 + -52. Let r = x - -39. Let j(c) = -2*c**2 + 10*c + 16. What is the remainder when r is divided by j(6)?
1
Let f(i) = i**2 - 12*i - 76. Calculate the remainder when f(-5) is divided by 4.
1
Let r(v) = -v + 1. Let f be -1 - (-2 - -2) - 4. Suppose 4*w + 76 = -3*n + 139, -3*w = -3*n + 63. Calculate the remainder when n is divided by r(f).
3
Let b be (-210)/20*1/((-2)/4). Suppose -j + 2*u = -5, 0 = b*j - 18*j + 4*u - 35. Calculate the remainder when 53 is divided by j.
8
Let u = 83 + -43. Let v = u + -22. Let o = 24 - v. Calculate the remainder when o is divided by 3.
0
Let q(a) = 3*a**2 + 12*a - 9. Calculate the remainder when 104 is divided by q(-6).
23
Let q(c) = -2*c + 1. Let u be q(-1). Let i(t) = 2*t**3 - 3*t**2 - 3*t - 4. Calculate the remainder when (-105)/189*48*6/(-4) is divided by i(u).
12
Let m = -1134 + 1676. Calculate the remainder when m is divided by 78.
74
Suppose 14 = 9*o - 2*o. Suppose -o*z = -5*b - 25, 0 = -5*z - 0*b + 5*b + 40. Calculate the remainder when 6 is divided by z.
1
Suppose 4*u = 3*a + 956, 2*u + 3*a = -2*u + 932. Calculate the remainder when u is divided by 28.
12
Suppose l + 13 = -3*b + 4*b, 5*b - 38 = -4*l. Let p(f) = f**2 - 14*f + 43. Calculate the remainder when 3 is divided by p(b).
0
Let o = 765 - 712. What is the remainder when o is divided by 21?
11
Suppose 18*j - 25*j + 350 = 0. What is the remainder when j is divided by 15?
5
Let v(b) = 14*b - 19. What is the remainder when 61 is divided by v(3)?
15
Suppose 5*j - 637 - 78 = 0. What is the remainder when j is divided by 43?
14
Suppose -9*k + 498 = -1419. Calculate the remainder when k is divided by 22.
15
Let k(c) = 2*c**2 - 8*c - 105. Let a(w) = -w**3 - 4*w**2 - 4*w - 3. What is the remainder when a(-5) is divided by k(10)?
12
Suppose -4*o = 3*m - 433, -3*m - 341 = -3*o - 2*m. What is the remainder when o is divided by 11?
2
Let n(j) = 5*j - 2. Suppose 1210 = 57*c - 2*c. What is the remainder when c is divided by n(3)?
9
Let y(q) = 48*q**3 + q**2. Let w be y(-1). Let h = -891 + 786. Let b = w - h. Calculate the remainder when b is divided by 10.
8
Let k be (-2 - 11)/(2/(-8)). Calculate the remainder when ((-13)/(-26))/(2/k) is divided by 3.
1
Let c = -34 + 38. Suppose 3*k - 3*z = 105, -c*k - 3*z + 8*z + 141 = 0. Calculate the remainder when k is divided by 10.
4
Let g = -32 - -70. What is the remainder when g is divided by 14?
10
Suppose -17*u + 26 + 892 = 0. Calculate the remainder when 539 is divided by u.
53
Let l(i) = 3*i**3 + i**2 + 3*i - 3. Let g be (-2)/(2/(-47)) - 0. Let f = -30 + g. What is the remainder when l(2) is divided by f?
14
Calculate the remainder when (2 - 0/(-9))/(4/250) is divided by 118.
7
Suppose -238*v = -230*v - 560. Let p = -8 + 17. What is the remainder when v is divided by p?
7
Let q(p) = -p**2 - 13*p - 5. Suppose 5*z - 3*y - 119 = -0*y, -5*y = -5*z + 115. Suppose 0 = 6*c - c + z. What is the remainder when q(c) is divided by 10?
5
Let m(w) be the second derivative of -w**4/12 - 4*w**3/3 + 9*w**2 - 9*w. What is the remainder when m(-8) is divided by (-1)/((-28)/(-10) + -3)?
3
Let z be ((-6)/5)/((-12)/80). What is the remainder when (-52)/z*(-4 + 0) is divided by 7?
5
Let x(l) = l**2 - l - 3. Let r be x(4). Let z(d) = 0 + r*d - d + 1 - 3*d. Calculate the remainder when 21 is divided by z(1).
3
Let c(x) = x**2 + 6*x + 13. Let g be c(4). Suppose -5*i - u = 3*u - 67, -3*i + 4*u + g = 0. What is the remainder when i is divided by 10?
5
Let m = -1 + 8. Suppose 2*o = 5*a + 7, -2*a - o + 6 = -m*a. Let w = 4 + a. What is the remainder when w is divided by 2?
1
Let p be (-114)/24 - 1/4*1. Suppose 4*a + 155 = -61. What is the remainder when a/(-1) + 7 + p is divided by 15?
11
Let b = 4 + -17. Calculate the remainder when (-1 - b/11) + (-2298)/(-66) is divided by 15.
5
Suppose 3*g + 803 = 23. What is the remainder when 24 is divided by g/50*(-10)/4?
11
Let x(c) = -c**3 - 9*c**2 - 9*c + 92. Suppose -20 = a - 3*a + y, a + 2*y - 20 = 0. Calculate the remainder when x(-7) is divided by a.
9
Let o(b) = -b - 5. Let t be o(-8). Let d = t - -1. Calculate the remainder when 9 is divided by d.
1
Let j be (24/(-20))/(2/(-5)). Suppose 0 = -j*s - 15, 4*a - a + s - 184 = 0. Calculate the remainder when a is divided by 16.
15
Let l(i) = -11*i - 2. Let n be l(-13). Suppose 3*v = n + 90. What is the remainder when v is divided by 16?
13
Suppose -225 = 5*d - 2*j, 53 = -4*d + 2*j - 127. Let i = d + 68. What is the remainder when i is divided by 17?
6
Suppose -8*y - 5*y = -117. What is the remainder when 25 is divided by y?
7
Let k(r) = -r**2 - 8. Let i(m) = m**2 + 1. Let l(s) = 3*i(s) + k(s). Let z be l(-3). Let b = z - 2. Calculate the remainder when b is divided by 3.
2
Let f = -73 + 78. Calculate the remainder when 38 is divided by f/(((-20)/(-8))/5).
8
Suppose -37*l = -179*l + 2272. Let n = 146 + -102. What is the remainder when n is divided by l?
12
Let i(m) = -m**3 + 15*m**2 - 14*m + 3. Suppose 2*r - 30 + 2 = 0. Let n be i(r). Suppose 49 = 2*d - n. What is the remainder when d is divided by 15?
11
Suppose 7*f = z + 6*f - 59, 0 = 5*z + 5*f - 285. Calculate the remainder when z is divided by 37.
21
Suppose -25*x + 33*x - 896 = 0. Suppose 0 = -8*k + k + x. Suppose -4*z - h + 16 = -9, 5*h = 4*z - 19. What is the remainder when k is divided by z?
4
Suppose m = -3*a + 29, -3*m = 3*a - 33 - 0. Suppose a*g = -g + 840. What is the remainder when g is divided by 17?
16
Let h = 10 - -28. Suppose -j - 33 = -6*j + o, -3 = j - 5*o. Suppose -y - 3*k = -j, -4*y + 54 = -2*k + k. Calculate the remainder when h is divided by y.
12
Suppose h + 58 - 88 = 0. What is the remainder when 778 is divided by h?
28
Let p(h) = 6*h + 5. Calculate the remainder when p(19) is divided by 32.
23
Let t(g) = g**3 - 12*g**2 + 28*g + 15. Let m(c) = -c**3 - 4*c**2 - 7*c + 3. Calculate the remainder when m(-6) is divided by t(9).
21
Let d be 30 - (-1)/(-1)*3. Suppose -3*k = -d - 12. Calculate the remainder when 49 is divided by k.
10
Suppose 0 = 10*c - 8334 + 34. What is the remainder when c is divided by 32?
30
Suppose -21*h + 31*h - 80 = 0. What is the remainder when 114 is divided by h?
2
Suppose -4*g - g - 10 = 0. Let a(w) = -w**3 - 3*w**2 - 4*w - 3. Let l be a(g). Calculate the remainder when (121 + -3)*l/2 is divided by 15.
14
Let d = 8 + -9. Let p be -1*(2 + d) - 2. Calculate the remainder when p/((-53)/(-18) - 3) is divided by 19.
16
Suppose 5*m - 70 = 1030. Calculate the remainder when m is divided by 57.
49
Let q = 42 + -4. Calculate the remainder when 148 is divided by q.
34
Suppose -2659*b = -2614*b - 405. Suppose 0 = -0*l - l + 5, 12 = o - 2*l. What is the remainder when o is divided by b?
4
Let t(n) = 6*n**3 - 46*n**2 + 31*n - 28. Calculate the remainder when t(9) is divided by 17.
15
Suppose 0*r = r + 1, -4 = -y + 2*r. Suppose -5*j - 3*v + 36 = 0, 0*j + 4*j - 42 = y*v. What is the remainder when (j/(-2))/((-8)/64) is divided by 10?
6
Let b(j) = -j**2 - 4*j + 5. Let i(n) = -n**2 - 2*n + 23. Calculate the remainder when i(0) is divided by b(-3).
7
Let w(p) = -p**3 + 7*p**2 - 4*p - 5. Let k be w(5). Let c = -20 + k. What is the remainder when -10*4/(-30)*9 is divided by c?
2
Let m = 89 + -85. What is the remainder when 2/(-4) + 30/4 is divided by m?
3
Suppose k = 3*u + 3, -4*k + u + 44 = -3*u. Suppose -108 = 11*p - k*p. What is the remainder when 90 is divided by p?
9
Suppose -5*h + 6 = -q - 3, 0 = -q - 4*h. Let m(x) = -x**3 - 4*x**2 - 2*x + 3. What is the remainder when 40 is divided by m(q)?
7
Suppose -5*c - 2*b + 733 = b, -5*b = 2*c - 278. What is the remainder when c is divided by (7/14)/((-3)/(-90))?
14
Suppose 36 = -2*z - 4*z. Let s = z - -7. Calculate the remainder when (-21)/(-35) - 2/(-5) is divided by s.
0
Let a(t) = t**2 + 6*t + 2. Calculate the remainder when 9 is divided by a(-7).
0
Let p(m) = 8*m + 86 + 3*m**2 - 4*m**2 - 3*m. Let x(q) = 2*q**2 - 11*q - 172. Let g(n) = 9*p(n) + 4*x(n). Calculate the remainder when g(0) is divided by 22.
20
Let b(c) = -7*c - 9. What is the remainder when 334 is divided by b(-3)?
10
Let v(w) = 65*w - 68. What is the remainder when v(4) is divided by 96?
0
Calculate the remainder when (-2 - -1)/(2/(-94)) is divided by 10.
7
Suppose 0 = 3*z - z - 44. Let u = -50 + -